**2 + 6*w - 5. Let v(y) = -5*q(y) + 8*s(y). What is the units digit of v(-2)?
0
Let m(t) = 3*t**2 - 2*t + 2. Let a be m(2). Suppose y - 3*y = a. Let i = 2 - y. What is the units digit of i?
7
Let s(a) = a**2 + 5*a + 6. Let c be s(-6). Suppose 2*r = -l + c, 0*l = 5*l + r - 33. What is the units digit of ((-34)/l)/(2/(-6))?
7
Let t(j) = -j**3 + 8*j**2 - 9*j + 12. What is the units digit of t(6)?
0
Suppose -5*c = 2*c - 238. What is the units digit of c?
4
Let c(j) = -2*j - 12. Let q be c(-6). Suppose -2*u = 4*p - 28, 2*u - 2*p = -5*p + 23. Suppose -5*n + q*n - u*w = 6, w + 8 = 2*n. What is the units digit of n?
2
Let l(w) = -w**3 - 9*w**2 - 8*w - 1. Let x be l(-8). Let d be (0/(-1))/x + 5. Suppose 2*r - d*z = 29, -4*z - 3 = r + 2. What is the units digit of r?
7
Let f = 14 + -10. Suppose -k + 17 = -4*b, f*k - b - 32 = -9. What is the units digit of k?
5
Suppose -3*g + 48 - 15 = 0. What is the tens digit of g?
1
Let i(t) = 8*t**2 - t + 20. What is the tens digit of i(4)?
4
Let v = 5 - 1. What is the units digit of v?
4
Let l(q) = -q**2 - q + 4. Let t be l(0). Let v = -20 + 22. Suppose -v*p - 80 = -6*p - t*x, -3*p - x = -54. What is the units digit of p?
7
Let z be 1 - (-1 + (-3 - -3)). Let m(c) = -c**2 + 5*c - 3. Let v be m(z). Suppose 4*l - 25 = -v*n - 1, 5*n - 16 = -4*l. What is the units digit of l?
9
Let j be -1 + (-3)/(-6)*6. Suppose j*f - 28 = -0*f. What is the units digit of f?
4
Let y(b) be the second derivative of b**4/12 + 7*b**3/6 - 5*b**2 - 4*b. Let o be y(-10). What is the units digit of 4/o + (-4)/(-5)?
1
Let o = -91 + 178. Suppose 3*x + 89 = 4*g - 0*x, -4*g = -5*x - o. What is the tens digit of g?
2
Let u(f) be the third derivative of f**4/24 + 2*f**3/3 - 3*f**2. Let g be u(0). Suppose g*b = -b + 30. What is the units digit of b?
6
Let n = 503 - 327. What is the units digit of n?
6
Suppose 4*k - 18 = -2. Suppose k = -2*u + 3*u. Suppose -u*t + 12 = 4*f, 0 = f + 2*t - 8 + 3. What is the units digit of f?
1
Let n = 562 + -322. What is the units digit of n?
0
What is the tens digit of (8 + -18)*3/(-2)?
1
Let d(w) = -w**3 - 11*w**2 - 20*w + 13. What is the hundreds digit of d(-10)?
1
Let k(p) = p**2 - 3*p + 3. Let w be k(7). Let j = -17 + w. What is the tens digit of j?
1
Let m(z) = 7*z + 0 + 2 - 2 - z**2 - 5. Let v = 8 - 2. What is the units digit of m(v)?
1
Let t = 23 - -2. Suppose -g = -6*g - t. What is the units digit of (-2)/5*3*g?
6
Let h = 1 - 1. Let i(z) be the third derivative of z**4/24 + 7*z**3/6 + 5*z**2. What is the units digit of i(h)?
7
Let l = -16 + 28. Suppose 2*v = l - 4. Suppose -3*w + 6 + 3 = 0, -v*w - 4 = -2*j. What is the units digit of j?
8
Let t(z) = 8*z + 7 - 5 + z**2 + 8. Let n be t(-8). Suppose i = 2*s + 15, -2*s = 5*i + s - n. What is the units digit of i?
5
Let t = 14 - 9. Suppose r = 2*q - 3, -t*q + 3*q + 31 = 3*r. What is the units digit of r?
7
What is the tens digit of 1 + 409/7 - (-9)/(-21)?
5
Suppose -3*t - 2*i = -157 - 28, -4*i - 215 = -3*t. What is the tens digit of t?
6
What is the units digit of (12/21)/((-2)/(-7))?
2
Let o(q) = -q**3 - 8*q**2 - 7*q. Let n be o(-7). Suppose -2*j + 3*f = j - 6, 5*j + 5*f = n. What is the units digit of j?
1
What is the tens digit of ((-388)/(-10)*-1)/(8/(-20))?
9
Let v be (-4)/(-6) - (-26)/(-3). Let j = -5 - v. What is the units digit of 27/4 - j/(-12)?
7
Let z(d) = -d + 9. Let j be z(15). What is the tens digit of (-42)/(-9)*j*-1?
2
Let t(p) = -11*p**3. Suppose 0 = -3*q - n + 2, -2*q + 4*n = -0*q + 22. What is the tens digit of t(q)?
1
Let d(h) = h**3 + 10*h**2 + h + 11. Let p be d(-10). Let n be (2*(-3)/(-2))/(-1). What is the tens digit of (p + -1)/n - -11?
1
Let c(s) be the first derivative of s**4/4 - 2*s**3/3 - s**2/2 + 3*s + 9. What is the units digit of c(3)?
9
Let s be 48/22 + 10/(-55). Let g(r) be the first derivative of 2*r**3/3 - 2*r - 2. What is the units digit of g(s)?
6
Let h(u) = -u - u**2 + 0*u + 6 - 2*u + 4*u. Let o be h(0). What is the units digit of o/(-27) + (-83)/(-9)?
9
Let s(o) = -5*o. Let y be s(1). Let t = 10 + y. Suppose -5*q + 91 = b + 16, -2*q = t*b - 53. What is the tens digit of q?
1
Let i(p) = p**2 + 7*p + 3. Let d be i(-7). Let x(c) = 3*c**2 + 3*c + 2. What is the units digit of x(d)?
8
Suppose -3*f + 64 = -h, 4*h - 6 = 2. Let b = -5 + f. What is the tens digit of b?
1
What is the units digit of (-50)/(-8) - (-3)/4?
7
Let b be -4 + (0 - -4 - 0). Suppose 3*h - 5*h + 82 = b. What is the tens digit of h?
4
Let f be 2 - 4/2*-1. Suppose 48 = f*x + 2*j, -5*j + 43 = 4*x - x. Suppose -5*r = x - 36. What is the units digit of r?
5
Suppose -j - 6 = 4*w - 17, -5*j - 9 = 4*w. Suppose -94 = -2*o - 3*o + 2*l, -w*l + 72 = 3*o. What is the units digit of o?
0
Suppose -216 = -0*p - 9*p. What is the units digit of p?
4
Let f be 1*6 + (-3 - -5). Suppose 2*w + f = -4*j - 10, 4*j + 22 = 2*w. What is the units digit of w?
1
Let t(z) = 4*z + 6 - 2 - 3 - 3*z. Let c be t(-3). What is the units digit of (-1)/(c*(-2)/(-52))?
3
Suppose -16 = -4*j + 4. What is the units digit of (-1 + (-1)/j)*-5?
6
Let s = 42 + -68. Let o = s + 44. What is the tens digit of o?
1
Suppose -5*d = -2*k - 9, -17 - 59 = 3*k + 5*d. Let l(b) = -b**3 + 6*b**2 + b - 1. Let m be l(5). Let c = k + m. What is the units digit of c?
2
Let s(j) = j + 14. Let p(u) = u**2 - 5*u - 6. Let v be p(6). What is the tens digit of s(v)?
1
Let n(f) = 2*f - 3. Let s be n(-3). What is the units digit of s/(-15) - (-22)/5?
5
Suppose -40 = -3*l - 10. Suppose k + 4*k - l = 0. What is the units digit of k?
2
What is the units digit of 44/(-10)*190/(-4)?
9
Let m(u) = u**2 - u - 1. Let r(z) = -z**3 + 7*z**2 - 4*z - 3. Let p(k) = -3*m(k) + r(k). Let b be p(3). Let y = b - 4. What is the units digit of y?
2
Let z = -2 - -4. Suppose z*l - 4*r - 44 = 0, 5*r = -l + 2 - 1. Suppose 2*c - l = -0*c. What is the units digit of c?
8
Let d(s) = 4*s - 1. Let m be d(-2). Let o = m - -16. What is the units digit of o?
7
Suppose 4*l = -0*l + 12. Suppose o - 20 + l = 0. Let r = -12 + o. What is the units digit of r?
5
Suppose -m + 6 - 56 = -5*y, -y + 3*m = -10. Let a = 16 - y. What is the units digit of a?
6
Suppose -2*l + 5*l - 12 = 0. What is the units digit of l?
4
Let c be (2 - 58)*2/(-4). What is the units digit of c/5 - 12/(-30)?
6
Let o(y) = -y**3 + y**2 + 3*y - 4. What is the tens digit of o(-3)?
2
Suppose 6 = 2*l + 5*q - 9, 5*l - q + 3 = 0. Let f(s) = -4*s**3 + 5*s**3 - 4*s**2 + l + 3*s + 1 + 0. What is the units digit of f(3)?
1
Let y(k) be the first derivative of -k**4/4 - 5*k**3/3 - 5*k**2/2 - 4*k + 2. Let f be y(-4). Suppose -2*a + 8 = 4*r + r, f = r. What is the units digit of a?
4
Suppose -72 = -2*m - 3*v + 2*v, -3*v = m - 36. What is the tens digit of m?
3
Let d be 4 - 14 - (1 - 1). What is the tens digit of 1380/50 + 6/d?
2
Let f(y) = y**2 - y + 1. Let o be f(1). Let k be 6 + (-2 + 4)*o. Suppose -1 + 3 = 2*i, 3*w + 5*i - k = 0. What is the units digit of w?
1
Suppose 0 = -y - 2*y + 15. Let a(h) = -h**3 + 7*h**2 - 9*h - 3. What is the units digit of a(y)?
2
Let p = 4 + 3. Suppose a - 3 = p. What is the tens digit of a?
1
Let m = 3 - -1. Let q = m + -4. Suppose -8 = -k - q*k. What is the units digit of k?
8
Suppose -3*v - 1 = 11. Let b = -3 - v. What is the units digit of b?
1
Let r be 13/5 + (-18)/(-45). Let q be (r/(-5))/(-1)*5. Suppose 0 = -g + 5*l - q - 8, -16 = -4*g + 5*l. What is the units digit of g?
9
Let h(a) = 2*a**2 - 2*a - 1. Let m be h(2). Let i = m + -4. What is the units digit of (1 + (-5 - i))*-1?
3
Suppose -9 = 3*o - 3*k - 0*k, 4*k - 16 = 0. Let a(x) = 8*x**2 - 1. What is the units digit of a(o)?
7
Let v(h) = -h**2 - 6*h - 6. Let d be v(-4). Let s(q) = 2 - 3*q**2 - 2*q + 4*q**d - 3. What is the units digit of s(4)?
7
Suppose 5*u = -0*u + 70. Let x = u - -34. What is the tens digit of x?
4
Let x be (-1930)/(-20) + (-1)/(-2). Suppose -4*r + 3*w = -x, 0*r + 2*r = -4*w + 76. What is the units digit of r?
8
Let n(x) = -3*x - 5. Let f be n(-3). Suppose -3*i + 32 = i + 4*q, -q = f*i - 17. What is the units digit of i?
3
Let j = 0 + 2. What is the units digit of (60/(-25))/(j/(-35))?
2
Let i(m) = m**2 - 4*m - 22. What is the units digit of i(15)?
3
Let d be 2/(-10) - 362/(-10). Suppose d = 2*n + 2*a, -84 + 10 = -4*n - 5*a. Let b = n + -8. What is the units digit of b?
8
Let k = 9 - -5. Suppose 5*l + 4 